e greatest common divisor of 28 and g.
28
Let b(p) = 6*p + 16. Let u be b(-4). Let h = u - -9. Suppose -2*k = -0*k - 3*m - 8, -3*k + 3*m + 15 = 0. Calculate the greatest common divisor of k and h.
1
Let x(m) = m. Let w(n) = -3*n**2 + 4*n + 24. Let r(y) = -w(y) + 2*x(y). Let b be r(9). What is the greatest common factor of 3 and b?
3
Let u be (290/(-120)*327)/((-1)/((-20)/(-5))). Calculate the highest common divisor of u and 545.
109
Let r = -10162 + 10184. Calculate the greatest common divisor of r and 11198.
22
Suppose 58708*l - 58706*l - 11844 = 0. Calculate the greatest common divisor of 630 and l.
126
Let h(a) = 391*a + 78. Let y be h(13). Suppose y + 3743 = 7*m. What is the highest common factor of m and 24?
24
Let r be 630/8 + (-3096)/(-1376). What is the greatest common divisor of r and 11205?
27
Suppose a - 109 = 197. Let d = a + -202. Suppose -d = -3*f + 376. Calculate the highest common divisor of f and 10.
10
Let z(m) = m + 1. Let h be z(5). Suppose 3 - 39 = h*q. Let d be -6*(q/(-9) - 2). What is the highest common factor of d and 4?
4
Suppose -265*i + 3*g + 644 = -263*i, 0 = -i - g + 317. Calculate the highest common divisor of i and 406.
29
Suppose -4*g = -2*h - h - 328, -4*g - h + 328 = 0. Suppose -2025 = -6*n - 3*n + 1296. Calculate the greatest common factor of n and g.
41
Suppose -29*q - 6210 = -83*q. Calculate the highest common factor of 4715 and q.
115
Suppose 9*d = 177 + 516. Let z(k) = -16*k - 3. Let o be z(-5). What is the greatest common factor of o and d?
77
Let g be 806/5 - 5/(-4 - -29). Let l = g + -53. Suppose 3*t + l = 132. Calculate the highest common factor of t and 6.
2
Let d(h) = 5 + 12 - 26 - h**2 + 8*h. Let b be d(3). What is the greatest common divisor of b and 66?
6
Suppose 158*b - 5396 - 7402 = 0. Calculate the greatest common factor of 1593 and b.
27
Suppose -25*a - 3*q = -23*a - 12, 2*q = -4*a + 16. What is the highest common divisor of a and 129?
3
Suppose 10 = 5*c - 15, 5*c + 687 = -4*x. Let f = 184 + x. Calculate the highest common factor of 8 and f.
2
Let i = -7 - 9. Let h(g) = g**3 + 16*g**2 - 4*g - 2. Let r be h(i). Let l = r - 53. What is the highest common divisor of l and 45?
9
Let l be (-196)/(-42)*(-13)/(182/(-396)). What is the greatest common divisor of l and 1287?
33
Let a = -31 - -47. Suppose 252 = a*w - 7*w. Suppose -i + 5*f = -20, -2*i + 5*f + 2 = -w. Calculate the highest common factor of 30 and i.
10
Let p(m) = 8995*m**2 + 8*m + 4. Let x be p(-1). Calculate the highest common divisor of 37 and x.
37
Let b = -284 + 270. Let x be (-4 + -9 + b)/(2 - 3). What is the greatest common divisor of 15 and x?
3
Let x = 50 - 72. Let w = x - -52. Suppose w = 3*u - 12. What is the greatest common divisor of u and 28?
14
Let k be 274/(-3288) + (-150002)/(-24). Calculate the highest common divisor of k and 80.
10
Let q be 600360/300 - 2/10. What is the greatest common divisor of q and 138?
69
Let s be (-5)/(70/(-816)) - (-25 + 3540/140). What is the greatest common factor of s and 42166?
58
Let p = 493 + -323. Suppose 0 = 5*x - 5*s - p - 60, -58 = -x + 5*s. What is the highest common factor of 559 and x?
43
Let r = 719 + -1446. Let z = r + 862. What is the greatest common factor of 27 and z?
27
Suppose -6 = a - 2*z + 7*z, 4*z + 115 = 5*a. Suppose 0 = -2*u + 1658 - 272. Suppose a*i - 8*i - u = 0. Calculate the highest common divisor of 7 and i.
7
Suppose 2104 = 4*b + 988. Calculate the highest common factor of 225 and b.
9
Let j = -13 - -28. Let o = -818 - -486. Let a = -302 - o. What is the highest common divisor of j and a?
15
Suppose 30*p - 32*p + 138 = 0. Suppose p + 183 = 3*v. Calculate the highest common divisor of v and 156.
12
Let g(f) = f**3 + 25*f**2 + 44*f - 49. Let d be g(-23). Let m be 2/5 - 7/5. Let i be m/d + 2761/33. What is the highest common factor of 14 and i?
14
Let u = 6847 - 6817. What is the greatest common factor of u and 3558?
6
Let d(x) = 34*x - 286. Let o be d(-6). Let u = o + 543. What is the greatest common divisor of u and 53?
53
Let z(m) = 230*m - 8887. Let g be z(39). What is the greatest common factor of 44156 and g?
83
Let z(x) = -2*x + 26. Suppose 140 = 16*m - 6*m. Let i be 2/7*m/2*4. Let p be z(i). What is the highest common factor of 40 and p?
10
Let v be -3 - 2 - (-6)/(36/834). Let y be 0 + ((-12)/66 - v/(-11)). What is the greatest common factor of 39 and y?
3
Suppose 270*w - 255*w = 1410. What is the greatest common divisor of w and 94?
94
Suppose 8*m = 63 - 471. Let f = m + 176. Suppose 185 - 85 = 2*i. What is the highest common divisor of f and i?
25
Suppose 4*p + 0*p = 0. Suppose p = -4*o + 299 + 65. Let d = 1118257 - 1118250. What is the highest common divisor of d and o?
7
Let w be (-84)/(-12)*(-25)/35. Let x(b) = b**3 + 4*b**2 - 4*b - 4. Let f be x(-3). Let j = f + w. What is the greatest common factor of 60 and j?
12
Let p(z) = -z**2 + 25*z - 79. Let u be p(13). Suppose 3*r - 632 + u = 0. What is the greatest common factor of r and 74?
37
Let a be (-16)/10*(-2330)/8. Calculate the highest common divisor of a and 14213.
233
Let a(n) = -8*n**3 + 2*n**2 - 3*n - 23. Let d be a(-4). Let m = -380 + d. Let x = 26 - 9. What is the highest common factor of m and x?
17
Suppose 6*w - 492 = -0*w. Suppose 3*d = w + 89. Suppose -d = -v + 78. What is the highest common divisor of 15 and v?
15
Suppose 104*c = 115*c - 715. Suppose -4*w = 3*w - 70. What is the greatest common divisor of w and c?
5
Let s be 0/(-2)*4/8. Let p be -45*(66/(-9) + s). Suppose -g + 38 = 2*i, 23*g + 5*i - 170 = 18*g. Calculate the highest common factor of g and p.
30
Let a be 3/(-6) - (-363)/6. Let g(j) = -2*j**3 + 121*j**2 - 56*j - 192. Let c be g(60). Calculate the highest common factor of c and a.
12
Let r(d) = 42*d**2 - 331*d + 2. Let v be r(-15). Calculate the greatest common factor of 26 and v.
13
Suppose 12*s - 2108 = 856. Suppose -2*a - 4*m = -58, 52 = 3*a + 3*m - 4*m. What is the greatest common factor of s and a?
19
Suppose -2*f - 3*h + h = -222, 3*h = -15. Suppose 435 = 3*y + 2*k, 5*y = 3*y + k + 290. What is the highest common divisor of y and f?
29
Let h(j) = -5*j - 30. Let d be h(-6). Let v(l) = l**2 - 5032. Let a be v(d). Let n be (a/18)/(-2) + 2/9. Calculate the greatest common divisor of n and 35.
35
Suppose 3 = 10*o - 7*o. Let a be ((-14)/(-35))/(o/(-5)). Let n(v) = -7*v - 5. Let j be n(a). Calculate the greatest common divisor of 3 and j.
3
Let q(h) = -2*h**2 + 51*h + 88. Let l be q(25). Calculate the highest common factor of 4181 and l.
113
Suppose -19*k + 40650 = 2*k + 2*z, -5*k + 9665 = 5*z. What is the highest common factor of 33 and k?
11
Let q be 2076/26 - (96/(-117) - (-44)/66). Calculate the highest common factor of q and 768.
16
Suppose -21*i = 734 - 1049. What is the highest common divisor of 1245 and i?
15
Suppose 4*b + 16*b + 5015 - 17935 = 0. Calculate the highest common factor of b and 38.
38
Suppose 4*d = 29 - 13, 4*n - 184 = d. Suppose -30 = -n*o + 393. Let r be (2/3)/(1/3). What is the greatest common divisor of r and o?
1
Let v be 0 + (2 - (-5 + 2)). Suppose 2*x + 30 = 7*x - 3*i, 0 = 4*x + v*i + 13. Suppose -2*k + 600 = x*k. What is the greatest common factor of 40 and k?
40
Let r = -585 - -1089. Suppose 0 = 11*b + 10*b - r. Calculate the highest common divisor of b and 36.
12
Suppose -2*m = -4, -v + 42 = -m + 2*m. Suppose 8 - v = -4*h. What is the greatest common divisor of h and 3?
1
Suppose 3*w + 110 = 8*w + 5*m, -2*w + 48 = 4*m. Let z be 114 + (11 + 17)/(-7). What is the highest common divisor of z and w?
10
Let d = 161 + 1309. Calculate the greatest common factor of d and 5.
5
Let m = 992 + -261. What is the highest common divisor of 17 and m?
17
Suppose 288 = 2*r + 4*v, 0 = 4*r - 5*r + 4*v + 150. Suppose 5*l + 5*y + 56 = r, 8 = 2*y. Suppose -16 = -2*j + l. What is the greatest common factor of j and 3?
3
Let b be ((-7840)/14 + -4)/(4/(-2)). Let a = -17 + b. Calculate the greatest common divisor of 106 and a.
53
Let i be (-66)/231 + (156504/14)/3. Calculate the highest common divisor of 1296 and i.
162
Suppose -5*x + 29 - 19 = -5*s, -10 = -5*x + 4*s. Suppose 3*j = -4*f - x*j - 2, 5*j = -5*f. Calculate the highest common factor of 3 and f.
1
Suppose -5*k = 2*b - 333, -73 = -k + b - 3*b. Let m(p) = -36*p - 340. Let l be m(-26). Let r = 622 - l. What is t